 the tens digit of y?
3
What is the units digit of 3*(-1338)/(-14) - (-16)/56?
7
Let s = 135 + -111. Suppose j - 5*j + 92 = 0. Let l = j + s. What is the tens digit of l?
4
Suppose -4 = -3*h + 2, 488 = 4*c - 2*h. Let k = c - 66. What is the units digit of k?
7
What is the thousands digit of (-2 + -4311)/((-1)/6*6)?
4
Suppose -33*x + 36*x - 4038 = 0. What is the thousands digit of x?
1
Let g be (-2)/4 - (-7294)/28. Suppose -2*t - 134 = -2*b - 6*t, 4*t = -4*b + g. Suppose -3*u = -180 + b. What is the tens digit of u?
3
Suppose -148 - 116 = 3*i. Let s = 126 + i. What is the units digit of s?
8
Suppose 0 = -4*s + 710 - 54. What is the hundreds digit of s?
1
Let t be 26/(-117) - (-212)/(-18). What is the tens digit of (-8)/t + (142/3 - 3)?
4
Suppose 0 = -18*k - 13*k + 1984. What is the tens digit of k?
6
What is the tens digit of (10 - (-2632)/(-266)) + 196304/38?
6
Let x(r) = r**2 + 6*r - 2. Let i be x(-7). What is the units digit of 154/i*20/8?
7
Let a be (-3 - 76/(-12))*129. Suppose 6*t - 338 - a = 0. What is the hundreds digit of t?
1
Let v be (0 + -20)*357/(-42). Suppose z - 182 = -h - 2*z, h - v = z. What is the units digit of h?
3
Let l be ((-3)/9)/(4/(-6))*0. Suppose 2*z - 3*k - 264 = l, -362 - 166 = -4*z + 2*k. What is the tens digit of z?
3
Let n(l) = -l**2 - 17*l - 67. Let t be n(-7). Suppose d = 3*d - 78. Let z = d - t. What is the units digit of z?
6
Let x(b) = b**2 - b - 12. Let j be x(4). Suppose j = -3*t - 4*t + 42. Suppose t*a + 84 - 384 = 0. What is the units digit of a?
0
Suppose 5*b + 10 = 2*z - 20, 48 = 4*z - 4*b. Let u = z - -1. What is the units digit of u?
1
Let i be ((-8)/(-6))/((-14)/(-42)). Suppose -12 = 4*v - i*t, 0 = -v + 3*t + t. What is the units digit of v/20 + 644/20?
2
Suppose 0 = 4*l - 13 + 5. Suppose 70 = -3*t - l*t. What is the units digit of 1216/56 + (-4)/t?
2
Let p = 60 - 36. Let b = 59 + p. What is the tens digit of b?
8
Let c(w) = -w**3 + 2*w**2 - 9*w - 1. What is the units digit of c(-6)?
1
Let h be 36/(-27)*(-51)/(-2). Let p = h - -43. What is the units digit of p?
9
What is the hundreds digit of (((-23130)/25)/(-3))/((-4)/(-10))?
7
Let y(i) = 14*i**2 - 24. Let j be y(-7). Suppose -4*r - 163 = 5*q - j, 0 = -q - 2*r + 95. What is the tens digit of q?
0
Let c(i) = 3*i**3 - 17*i**2 + 6*i - 33. What is the hundreds digit of c(8)?
4
What is the tens digit of 5 + (-5686)/(-3) + 2/(-6)?
0
Suppose 39 = 2*p - 5*a, 3*a = 2*p + 7*a + 6. Suppose 0 = -2*k + 2*v + 274, 3*k - 448 + p = -3*v. What is the units digit of k?
2
Let t(m) = 26*m**2 - 13*m + 41. What is the hundreds digit of t(7)?
2
Suppose 7*s - 72 - 82 = 0. Let w(f) = f**2 - 22*f + 66. What is the units digit of w(s)?
6
Let z = 157 - -14. Let y = -80 + z. What is the units digit of y?
1
Suppose -3*w + 30 = -5*w. Let r = 2 + 0. What is the units digit of 5*(-3)/(w/r)?
2
Let a(v) = 14*v**2 + 5*v - 5. What is the tens digit of a(3)?
3
Suppose 16*c - 3*c - 49257 = 0. What is the hundreds digit of c?
7
Suppose -5*m = 2*d - 614, -d + 1493 = 4*d + 2*m. What is the hundreds digit of d?
2
Suppose 8*y = 5*y + 171. Suppose -j - 2*z = -y + 9, 3*z - 44 = -j. What is the tens digit of j?
5
Let n be 2/(-11) + 310/(-110). Let r(k) = 5 - 3*k + k**3 + k - 5 + 4 + 4*k**2. What is the tens digit of r(n)?
1
Let f = 1333 + -787. What is the tens digit of f?
4
Let z(x) = -x**2 + 3*x + 670. What is the units digit of z(0)?
0
What is the tens digit of -4 - -11 - (-672 - -1)?
7
Suppose 12*g = -18*g + 14730. What is the tens digit of g?
9
Suppose -12*m = -8*m - 56. Let n = m + -11. Suppose n*r - 93 = z, -2*r + 3*r - 26 = 2*z. What is the units digit of r?
2
Suppose -5*w + 5031 - 1262 = -2*k, 1516 = 2*w + 2*k. What is the tens digit of w?
5
Let z = 505 + 635. What is the units digit of z?
0
Suppose 4 = b + 5*x - 3*x, 5*x = 4*b - 3. Suppose -3*o - b*z + 6 = o, -5*z = 3*o + 6. What is the units digit of 2/(-1 + o/2)?
4
Let h = 1051 + -421. Suppose -9*b + 4*b + h = 0. What is the units digit of b?
6
Let k(w) = 14*w - 4. Let d be k(1). Suppose 0 = 7*c + d*c - 867. What is the units digit of c?
1
Let s(d) = d**3 - 7*d**2 - 17*d + 15. Let n be s(14). Suppose 10*u + 219 = n. What is the units digit of u?
3
Suppose -2*j - 15 = -7*j. Suppose 3*z + 5*b - 2 = 0, 4*b + j + 8 = -z. What is the units digit of z?
9
Suppose 3*d + 5*o + 6 = 0, -16 - 8 = -4*d + 4*o. Suppose -d*r + 54 = -36. Suppose 2*j = 4*j - r. What is the units digit of j?
5
Suppose 6*v - 320 = 4*v. Suppose 18*h - 23*h = -v. What is the tens digit of h?
3
Suppose 2*f = -4*y + 10691 - 3121, -3*y = 2*f - 5677. What is the units digit of y?
3
What is the thousands digit of 504/18*(58 + 0)?
1
What is the tens digit of 4 + 5 + -8 - -2123?
2
Let g(l) = 3*l**2 + 3*l + 3. Let t be g(-2). Let n = 10 - t. What is the tens digit of ((-70)/(-21))/(n/6)?
2
Let q(o) = 5*o**3 - o**2 + o. Suppose 3*a + 34 = 13. Let l = 8 + a. What is the units digit of q(l)?
5
Let l(x) = -4*x**2 + 6*x + 5. Let g(y) be the first derivative of 5*y**3 - 25*y**2/2 - 19*y + 4. Let b(a) = 6*g(a) + 22*l(a). What is the units digit of b(10)?
6
Let g be ((-2)/(-15)*18)/((-10)/(-25)). Suppose -2*y = -g*y + 5*p + 112, 5*y - 3*p - 140 = 0. What is the units digit of y?
8
Let l be (-11179)/(-91) + (-6)/(-39). Let f = 1 + l. What is the tens digit of f?
2
Let g(j) = 31*j + 17. What is the tens digit of g(5)?
7
Let x(j) = -j**3 - 3*j**2 + 4. Let o be x(-2). Suppose -q = -o*q - 3*u - 48, 2*q + 2*u = 112. Let h = q - 25. What is the tens digit of h?
2
Let t = 11 + -7. Suppose t*d = s + 18, 5*s + 3*d - 25 = -0*d. What is the units digit of (-4 - -6) + 0 + s?
4
Suppose 0 = -73*g - 4*g + 168245. What is the tens digit of g?
8
Let f be (2/12*-57)/(1/(-16)). Let t be 22/6 - 1/(-3). Suppose 3*j - 240 = -3*q, -2*j + f = -t*q + 2*q. What is the units digit of j?
8
What is the units digit of ((-129)/(-5) - -1)/((-30)/(-300))?
8
Suppose 3*c = 3*i - 2 - 10, -3*c + 28 = 5*i. Let u be (9 + -3)*c/3. Suppose -3*b + 27 = -u*b. What is the units digit of b?
7
What is the hundreds digit of (-21868)/(-14) + (-4)/(-12)*21?
5
Let w(s) = s**3 - 6*s**2 + 6*s - 5. Let n be w(4). Let u(l) = -l**3 + 4*l**2 + 12*l + 16. Let q be u(6). What is the tens digit of (q/(-2))/2*n?
5
Let c = 22 - 19. Let k be -4*(c + -4) + 5. Suppose 7*h = k*h - 68. What is the tens digit of h?
3
Let c be 0*-2*1/4. Let d be 9/5*15/9. Suppose c = -4*a - 3*j + 14, 12 = d*a + 3*j - 0. What is the units digit of a?
2
Let n = -102 + 137. Suppose 37*u = n*u + 360. What is the units digit of u?
0
Let b(r) be the first derivative of -1 - 5/3*r**3 - 2*r**2 + r - 1/2*r**4. What is the units digit of b(-3)?
2
What is the hundreds digit of 2634/(-10)*5/9*-6?
8
Let c = 7 - 19. Let i be 3*(64/c - -4). What is the tens digit of -3 + -3 + (62 - i)?
6
Suppose 0 = n + 1 - 4. Suppose -4 = 2*r - n*r. What is the units digit of r?
4
Let g = -286 + 997. What is the tens digit of g?
1
Let z(g) be the second derivative of 2*g + 1/3*g**3 + 0 + 4*g**2. What is the tens digit of z(13)?
3
Let y = -9 - -16. Suppose 3*w = -2*g + y + 5, -2*w + 16 = 4*g. Suppose 2*s - g*s = h - 33, 63 = 2*h + 3*s. What is the tens digit of h?
3
Let v be (-48)/30*(-5)/2. Suppose -2*u - 14 = -2*q - 228, -v*u - 5*q + 428 = 0. What is the hundreds digit of u?
1
Let r(q) = 6*q**2 - 2*q - 2. Let z be (-1 - -3) + (0 - -2). Let w = -2 + z. What is the units digit of r(w)?
8
Suppose -5*c + 25 = 5. Let h be (-6)/33 - (-48)/22. Suppose 0*j + 4*j - 72 = 2*n, c*n - 36 = -h*j. What is the tens digit of j?
1
Let i = -962 + 1863. What is the hundreds digit of i?
9
Suppose 78*p - 73*p = 1880. Suppose 0 = 3*t - p + 4. What is the tens digit of t?
2
Let s(q) be the third derivative of -q**4/24 + q**3 - 3*q**2. Let i be s(9). What is the units digit of (-14)/i + 26/(-39)?
4
Suppose -3*n - 2*k + 7*k - 26 = 0, -3*k = -2*n - 17. Let v(d) = -15*d + 15. What is the hundreds digit of v(n)?
1
Let j(u) = 145*u**2 + 4*u + 3. Let a(b) = -145*b**2 - 5*b - 4. Let n(c) = 3*a(c) + 4*j(c). Let l be n(1). What is the tens digit of 11/(-44) + l/8?
1
Let k(u) = -u**3 - u**2 - 2*u - 3. Suppose 5*i + h = 39, -i + h = -0*h - 9. Suppose -4*q - 4 - i = 0. What is the units digit of k(q)?
1
Suppose -3*r - r = -3*t - 15, -3*r + 10 = -t. What is the hundreds digit of (-4 - t) + (1 - 6) + 153?
1
Let v(q) be the first deriva